{"id":1051,"date":"2024-02-08T12:47:10","date_gmt":"2024-02-08T11:47:10","guid":{"rendered":"https:\/\/tanzanya.fr\/accueil\/?page_id=1051"},"modified":"2025-09-15T18:43:40","modified_gmt":"2025-09-15T16:43:40","slug":"images","status":"publish","type":"page","link":"https:\/\/tanzanya.fr\/accueil\/?page_id=1051","title":{"rendered":"Images"},"content":{"rendered":"\t\t<div data-elementor-type=\"wp-page\" data-elementor-id=\"1051\" class=\"elementor elementor-1051\">\n\t\t\t\t<div class=\"elementor-element elementor-element-a78adff e-con-full e-flex e-con e-parent\" data-id=\"a78adff\" data-element_type=\"container\" data-settings=\"{&quot;background_background&quot;:&quot;gradient&quot;}\">\n\t\t\t\t<div class=\"elementor-element elementor-element-94c9857 elementor-widget elementor-widget-text-editor\" data-id=\"94c9857\" data-element_type=\"widget\" data-widget_type=\"text-editor.default\">\n\t\t\t\t<div class=\"elementor-widget-container\">\n\t\t\t<style>\/*! elementor - v3.21.0 - 26-05-2024 *\/\n.elementor-widget-text-editor.elementor-drop-cap-view-stacked .elementor-drop-cap{background-color:#69727d;color:#fff}.elementor-widget-text-editor.elementor-drop-cap-view-framed .elementor-drop-cap{color:#69727d;border:3px solid;background-color:transparent}.elementor-widget-text-editor:not(.elementor-drop-cap-view-default) .elementor-drop-cap{margin-top:8px}.elementor-widget-text-editor:not(.elementor-drop-cap-view-default) .elementor-drop-cap-letter{width:1em;height:1em}.elementor-widget-text-editor .elementor-drop-cap{float:left;text-align:center;line-height:1;font-size:50px}.elementor-widget-text-editor .elementor-drop-cap-letter{display:inline-block}<\/style>\t\t\t\t<h1 style=\"text-align: center;\">Galerie photos<\/h1>\t\t\t\t\t\t<\/div>\n\t\t\t\t<\/div>\n\t\t\t\t<\/div>\n\t\t<div class=\"elementor-element elementor-element-4440534 e-con-full elementor-hidden-tablet elementor-hidden-mobile e-flex e-con e-parent\" data-id=\"4440534\" data-element_type=\"container\">\n\t\t<div class=\"elementor-element elementor-element-4f0d048 e-con-full e-flex e-con e-child\" data-id=\"4f0d048\" data-element_type=\"container\">\n\t\t\t\t<div class=\"elementor-element elementor-element-00f95be elementor-widget-mobile__width-initial elementor-widget__width-initial elementor-widget elementor-widget-image\" data-id=\"00f95be\" data-element_type=\"widget\" data-widget_type=\"image.default\">\n\t\t\t\t<div class=\"elementor-widget-container\">\n\t\t\t<style>\/*! elementor - v3.21.0 - 26-05-2024 *\/\n.elementor-widget-image{text-align:center}.elementor-widget-image a{display:inline-block}.elementor-widget-image a img[src$=\".svg\"]{width:48px}.elementor-widget-image img{vertical-align:middle;display:inline-block}<\/style>\t\t\t\t\t\t\t\t\t\t<img fetchpriority=\"high\" decoding=\"async\" width=\"1024\" height=\"768\" src=\"https:\/\/tanzanya.fr\/wp-content\/uploads\/2024\/10\/photo-4-1024x768.jpg\" class=\"attachment-large size-large wp-image-2062\" alt=\"\" srcset=\"https:\/\/tanzanya.fr\/wp-content\/uploads\/2024\/10\/photo-4-1024x768.jpg 1024w, https:\/\/tanzanya.fr\/wp-content\/uploads\/2024\/10\/photo-4-300x225.jpg 300w, https:\/\/tanzanya.fr\/wp-content\/uploads\/2024\/10\/photo-4-768x576.jpg 768w, https:\/\/tanzanya.fr\/wp-content\/uploads\/2024\/10\/photo-4-1536x1152.jpg 1536w, https:\/\/tanzanya.fr\/wp-content\/uploads\/2024\/10\/photo-4-2048x1536.jpg 2048w, https:\/\/tanzanya.fr\/wp-content\/uploads\/2024\/10\/photo-4-600x450.jpg 600w\" sizes=\"(max-width: 1024px) 100vw, 1024px\" \/>\t\t\t\t\t\t\t\t\t\t\t\t\t<\/div>\n\t\t\t\t<\/div>\n\t\t\t\t<\/div>\n\t\t<div class=\"elementor-element elementor-element-43ce8e9 e-con-full e-flex e-con e-child\" data-id=\"43ce8e9\" data-element_type=\"container\">\n\t\t<div class=\"elementor-element elementor-element-09b2ee0 e-flex e-con-boxed e-con e-child\" data-id=\"09b2ee0\" data-element_type=\"container\">\n\t\t\t\t\t<div class=\"e-con-inner\">\n\t\t\t\t<div class=\"elementor-element elementor-element-2a8aeb2 elementor-widget__width-initial elementor-widget elementor-widget-text-editor\" data-id=\"2a8aeb2\" data-element_type=\"widget\" data-widget_type=\"text-editor.default\">\n\t\t\t\t<div class=\"elementor-widget-container\">\n\t\t\t\t\t\t\t<h1 style=\"text-align: center;\"><span style=\"color: #808080;\">Micro-cr\u00e8ches TANZANYA<\/span><\/h1>\t\t\t\t\t\t<\/div>\n\t\t\t\t<\/div>\n\t\t\t\t\t<\/div>\n\t\t\t\t<\/div>\n\t\t<div class=\"elementor-element elementor-element-c94bcf0 e-flex e-con-boxed e-con e-child\" data-id=\"c94bcf0\" data-element_type=\"container\">\n\t\t\t\t\t<div class=\"e-con-inner\">\n\t\t\t\t<div class=\"elementor-element elementor-element-af71608 elementor-widget elementor-widget-text-editor\" data-id=\"af71608\" data-element_type=\"widget\" data-widget_type=\"text-editor.default\">\n\t\t\t\t<div class=\"elementor-widget-container\">\n\t\t\t\t\t\t\t<h2 style=\"text-align: center;\"><span style=\"color: #000000;\">La micro-cr\u00e8che TANZANYA de Forbach a ouvert ses portes le 2 septembre 2024 et accueille d\u00e9sormais des enfants \u00e2g\u00e9s de 10 semaines \u00e0 3 ans r\u00e9volus.<\/span><\/h2>\t\t\t\t\t\t<\/div>\n\t\t\t\t<\/div>\n\t\t\t\t<div class=\"elementor-element elementor-element-eaa6b3c elementor-widget elementor-widget-text-editor\" data-id=\"eaa6b3c\" data-element_type=\"widget\" data-widget_type=\"text-editor.default\">\n\t\t\t\t<div class=\"elementor-widget-container\">\n\t\t\t\t\t\t\t<h2 style=\"text-align: center;\"><span style=\"color: #000000;\">La micro-cr\u00e8che TANZANYA de Freyming-Merlebach ouvrira ses portes le 2 f\u00e9vrier 2026 et accueillera \u00e9galement des enfants \u00e2g\u00e9s de 10 semaines \u00e0 3 ans r\u00e9volus.<\/span><\/h2>\t\t\t\t\t\t<\/div>\n\t\t\t\t<\/div>\n\t\t\t\t\t<\/div>\n\t\t\t\t<\/div>\n\t\t\t\t<\/div>\n\t\t\t\t<\/div>\n\t\t<div class=\"elementor-element elementor-element-286c82c e-con-full elementor-hidden-desktop e-flex e-con e-parent\" data-id=\"286c82c\" data-element_type=\"container\">\n\t\t<div class=\"elementor-element elementor-element-815c46e e-con-full e-flex e-con e-child\" data-id=\"815c46e\" data-element_type=\"container\">\n\t\t\t\t<div class=\"elementor-element elementor-element-4155c11 elementor-widget-mobile__width-initial elementor-widget elementor-widget-image\" data-id=\"4155c11\" data-element_type=\"widget\" data-widget_type=\"image.default\">\n\t\t\t\t<div class=\"elementor-widget-container\">\n\t\t\t\t\t\t\t\t\t\t\t\t\t<img decoding=\"async\" width=\"1024\" height=\"768\" src=\"https:\/\/tanzanya.fr\/wp-content\/uploads\/2024\/04\/thieriet-1024x768.jpg\" class=\"attachment-large size-large wp-image-1803\" alt=\"\" srcset=\"https:\/\/tanzanya.fr\/wp-content\/uploads\/2024\/04\/thieriet-1024x768.jpg 1024w, https:\/\/tanzanya.fr\/wp-content\/uploads\/2024\/04\/thieriet-300x225.jpg 300w, https:\/\/tanzanya.fr\/wp-content\/uploads\/2024\/04\/thieriet-768x576.jpg 768w, https:\/\/tanzanya.fr\/wp-content\/uploads\/2024\/04\/thieriet.jpg 1500w\" sizes=\"(max-width: 1024px) 100vw, 1024px\" \/>\t\t\t\t\t\t\t\t\t\t\t\t\t<\/div>\n\t\t\t\t<\/div>\n\t\t\t\t<div class=\"elementor-element elementor-element-ea97c02 elementor-widget elementor-widget-text-editor\" data-id=\"ea97c02\" data-element_type=\"widget\" data-widget_type=\"text-editor.default\">\n\t\t\t\t<div class=\"elementor-widget-container\">\n\t\t\t\t\t\t\t<h4>\u00a0<\/h4><h1 style=\"text-align: center;\"><span style=\"color: #808080;\">La micro-cr\u00e8che TANZANYA de Forbach est ouverte depuis le 2 septembre 2024<\/span><\/h1><h1 style=\"text-align: center;\">Les travaux de la Micro-cr\u00e8che TANZANYA de Freyming-Merlebach ont d\u00e9but\u00e9 et vont se prolonger jusqu&rsquo;\u00e0 fin janvier 2026. La micro-cr\u00e8che pourra accueillir les enfants \u00e0 partir du 2 f\u00e9vrier 2026.<\/h1>\t\t\t\t\t\t<\/div>\n\t\t\t\t<\/div>\n\t\t\t\t<\/div>\n\t\t\t\t<\/div>\n\t\t<div class=\"elementor-element elementor-element-277ab6f e-grid e-con-boxed e-con e-parent\" data-id=\"277ab6f\" data-element_type=\"container\">\n\t\t\t\t\t<div class=\"e-con-inner\">\n\t\t\t\t<div class=\"elementor-element elementor-element-d1a3105 elementor-widget elementor-widget-image\" data-id=\"d1a3105\" data-element_type=\"widget\" data-widget_type=\"image.default\">\n\t\t\t\t<div class=\"elementor-widget-container\">\n\t\t\t\t\t\t\t\t\t\t\t\t\t<img decoding=\"async\" width=\"1024\" height=\"768\" src=\"https:\/\/tanzanya.fr\/wp-content\/uploads\/2024\/10\/photo-2-1024x768.jpg\" class=\"attachment-large size-large wp-image-2063\" alt=\"\" srcset=\"https:\/\/tanzanya.fr\/wp-content\/uploads\/2024\/10\/photo-2-1024x768.jpg 1024w, https:\/\/tanzanya.fr\/wp-content\/uploads\/2024\/10\/photo-2-300x225.jpg 300w, https:\/\/tanzanya.fr\/wp-content\/uploads\/2024\/10\/photo-2-768x576.jpg 768w, https:\/\/tanzanya.fr\/wp-content\/uploads\/2024\/10\/photo-2-1536x1152.jpg 1536w, https:\/\/tanzanya.fr\/wp-content\/uploads\/2024\/10\/photo-2-2048x1536.jpg 2048w, https:\/\/tanzanya.fr\/wp-content\/uploads\/2024\/10\/photo-2-600x450.jpg 600w\" sizes=\"(max-width: 1024px) 100vw, 1024px\" \/>\t\t\t\t\t\t\t\t\t\t\t\t\t<\/div>\n\t\t\t\t<\/div>\n\t\t\t\t<div class=\"elementor-element elementor-element-3ffda32 elementor-widget elementor-widget-image\" data-id=\"3ffda32\" data-element_type=\"widget\" data-widget_type=\"image.default\">\n\t\t\t\t<div class=\"elementor-widget-container\">\n\t\t\t\t\t\t\t\t\t\t\t\t\t<img loading=\"lazy\" decoding=\"async\" width=\"1024\" height=\"768\" src=\"https:\/\/tanzanya.fr\/wp-content\/uploads\/2024\/10\/photo-3-1024x768.jpg\" class=\"attachment-large size-large wp-image-2064\" alt=\"\" srcset=\"https:\/\/tanzanya.fr\/wp-content\/uploads\/2024\/10\/photo-3-1024x768.jpg 1024w, https:\/\/tanzanya.fr\/wp-content\/uploads\/2024\/10\/photo-3-300x225.jpg 300w, https:\/\/tanzanya.fr\/wp-content\/uploads\/2024\/10\/photo-3-768x576.jpg 768w, https:\/\/tanzanya.fr\/wp-content\/uploads\/2024\/10\/photo-3-1536x1152.jpg 1536w, https:\/\/tanzanya.fr\/wp-content\/uploads\/2024\/10\/photo-3-2048x1536.jpg 2048w, https:\/\/tanzanya.fr\/wp-content\/uploads\/2024\/10\/photo-3-600x450.jpg 600w\" sizes=\"(max-width: 1024px) 100vw, 1024px\" \/>\t\t\t\t\t\t\t\t\t\t\t\t\t<\/div>\n\t\t\t\t<\/div>\n\t\t\t\t<div class=\"elementor-element elementor-element-887fa49 elementor-widget elementor-widget-image\" data-id=\"887fa49\" data-element_type=\"widget\" data-widget_type=\"image.default\">\n\t\t\t\t<div class=\"elementor-widget-container\">\n\t\t\t\t\t\t\t\t\t\t\t\t\t<img loading=\"lazy\" decoding=\"async\" width=\"1024\" height=\"768\" src=\"https:\/\/tanzanya.fr\/wp-content\/uploads\/2024\/10\/photo-1-1024x768.jpg\" class=\"attachment-large size-large wp-image-2065\" alt=\"\" srcset=\"https:\/\/tanzanya.fr\/wp-content\/uploads\/2024\/10\/photo-1-1024x768.jpg 1024w, https:\/\/tanzanya.fr\/wp-content\/uploads\/2024\/10\/photo-1-300x225.jpg 300w, https:\/\/tanzanya.fr\/wp-content\/uploads\/2024\/10\/photo-1-768x576.jpg 768w, https:\/\/tanzanya.fr\/wp-content\/uploads\/2024\/10\/photo-1-1536x1152.jpg 1536w, https:\/\/tanzanya.fr\/wp-content\/uploads\/2024\/10\/photo-1-2048x1536.jpg 2048w, https:\/\/tanzanya.fr\/wp-content\/uploads\/2024\/10\/photo-1-600x450.jpg 600w\" sizes=\"(max-width: 1024px) 100vw, 1024px\" \/>\t\t\t\t\t\t\t\t\t\t\t\t\t<\/div>\n\t\t\t\t<\/div>\n\t\t\t\t<div class=\"elementor-element elementor-element-2bc4b45 elementor-widget elementor-widget-image\" data-id=\"2bc4b45\" data-element_type=\"widget\" data-widget_type=\"image.default\">\n\t\t\t\t<div class=\"elementor-widget-container\">\n\t\t\t\t\t\t\t\t\t\t\t\t\t<img loading=\"lazy\" decoding=\"async\" width=\"1024\" height=\"768\" src=\"https:\/\/tanzanya.fr\/wp-content\/uploads\/2024\/10\/Photo-6-1024x768.jpg\" class=\"attachment-large size-large wp-image-2070\" alt=\"\" srcset=\"https:\/\/tanzanya.fr\/wp-content\/uploads\/2024\/10\/Photo-6-1024x768.jpg 1024w, https:\/\/tanzanya.fr\/wp-content\/uploads\/2024\/10\/Photo-6-300x225.jpg 300w, https:\/\/tanzanya.fr\/wp-content\/uploads\/2024\/10\/Photo-6-768x576.jpg 768w, https:\/\/tanzanya.fr\/wp-content\/uploads\/2024\/10\/Photo-6-1536x1152.jpg 1536w, https:\/\/tanzanya.fr\/wp-content\/uploads\/2024\/10\/Photo-6-2048x1536.jpg 2048w, https:\/\/tanzanya.fr\/wp-content\/uploads\/2024\/10\/Photo-6-600x450.jpg 600w\" sizes=\"(max-width: 1024px) 100vw, 1024px\" \/>\t\t\t\t\t\t\t\t\t\t\t\t\t<\/div>\n\t\t\t\t<\/div>\n\t\t\t\t\t<\/div>\n\t\t\t\t<\/div>\n\t\t<div class=\"elementor-element elementor-element-b186192 e-flex e-con-boxed e-con e-parent\" data-id=\"b186192\" data-element_type=\"container\">\n\t\t\t\t\t<div class=\"e-con-inner\">\n\t\t\t\t<div class=\"elementor-element elementor-element-413ceb0 elementor-widget elementor-widget-image\" data-id=\"413ceb0\" data-element_type=\"widget\" data-widget_type=\"image.default\">\n\t\t\t\t<div class=\"elementor-widget-container\">\n\t\t\t\t\t\t\t\t\t\t\t\t\t<img loading=\"lazy\" decoding=\"async\" width=\"789\" height=\"556\" src=\"https:\/\/tanzanya.fr\/wp-content\/uploads\/2024\/04\/thierriet-2.png\" class=\"attachment-large size-large wp-image-1805\" alt=\"\" srcset=\"https:\/\/tanzanya.fr\/wp-content\/uploads\/2024\/04\/thierriet-2.png 789w, https:\/\/tanzanya.fr\/wp-content\/uploads\/2024\/04\/thierriet-2-300x211.png 300w, https:\/\/tanzanya.fr\/wp-content\/uploads\/2024\/04\/thierriet-2-768x541.png 768w\" sizes=\"(max-width: 789px) 100vw, 789px\" \/>\t\t\t\t\t\t\t\t\t\t\t\t\t<\/div>\n\t\t\t\t<\/div>\n\t\t\t\t\t<\/div>\n\t\t\t\t<\/div>\n\t\t\t\t<\/div>\n\t\t","protected":false},"excerpt":{"rendered":"<p>Galerie photos Micro-cr\u00e8ches TANZANYA La micro-cr\u00e8che TANZANYA de Forbach a ouvert ses portes le 2 septembre 2024 et accueille d\u00e9sormais des enfants \u00e2g\u00e9s de 10 semaines \u00e0 3 ans r\u00e9volus. La micro-cr\u00e8che TANZANYA de Freyming-Merlebach ouvrira ses portes le 2 f\u00e9vrier 2026 et accueillera \u00e9galement des enfants \u00e2g\u00e9s de 10 semaines \u00e0 3 ans r\u00e9volus. [&hellip;]<\/p>\n","protected":false},"author":1,"featured_media":0,"parent":0,"menu_order":0,"comment_status":"closed","ping_status":"closed","template":"elementor_header_footer","meta":{"ocean_post_layout":"","ocean_both_sidebars_style":"","ocean_both_sidebars_content_width":0,"ocean_both_sidebars_sidebars_width":0,"ocean_sidebar":"","ocean_second_sidebar":"","ocean_disable_margins":"enable","ocean_add_body_class":"","ocean_shortcode_before_top_bar":"","ocean_shortcode_after_top_bar":"","ocean_shortcode_before_header":"","ocean_shortcode_after_header":"","ocean_has_shortcode":"","ocean_shortcode_after_title":"","ocean_shortcode_before_footer_widgets":"","ocean_shortcode_after_footer_widgets":"","ocean_shortcode_before_footer_bottom":"","ocean_shortcode_after_footer_bottom":"","ocean_display_top_bar":"default","ocean_display_header":"default","ocean_header_style":"","ocean_center_header_left_menu":"","ocean_custom_header_template":"","ocean_custom_logo":0,"ocean_custom_retina_logo":0,"ocean_custom_logo_max_width":0,"ocean_custom_logo_tablet_max_width":0,"ocean_custom_logo_mobile_max_width":0,"ocean_custom_logo_max_height":0,"ocean_custom_logo_tablet_max_height":0,"ocean_custom_logo_mobile_max_height":0,"ocean_header_custom_menu":"","ocean_menu_typo_font_family":"","ocean_menu_typo_font_subset":"","ocean_menu_typo_font_size":0,"ocean_menu_typo_font_size_tablet":0,"ocean_menu_typo_font_size_mobile":0,"ocean_menu_typo_font_size_unit":"px","ocean_menu_typo_font_weight":"","ocean_menu_typo_font_weight_tablet":"","ocean_menu_typo_font_weight_mobile":"","ocean_menu_typo_transform":"","ocean_menu_typo_transform_tablet":"","ocean_menu_typo_transform_mobile":"","ocean_menu_typo_line_height":0,"ocean_menu_typo_line_height_tablet":0,"ocean_menu_typo_line_height_mobile":0,"ocean_menu_typo_line_height_unit":"","ocean_menu_typo_spacing":0,"ocean_menu_typo_spacing_tablet":0,"ocean_menu_typo_spacing_mobile":0,"ocean_menu_typo_spacing_unit":"","ocean_menu_link_color":"","ocean_menu_link_color_hover":"","ocean_menu_link_color_active":"","ocean_menu_link_background":"","ocean_menu_link_hover_background":"","ocean_menu_link_active_background":"","ocean_menu_social_links_bg":"","ocean_menu_social_hover_links_bg":"","ocean_menu_social_links_color":"","ocean_menu_social_hover_links_color":"","ocean_disable_title":"default","ocean_disable_heading":"default","ocean_post_title":"","ocean_post_subheading":"","ocean_post_title_style":"","ocean_post_title_background_color":"","ocean_post_title_background":0,"ocean_post_title_bg_image_position":"","ocean_post_title_bg_image_attachment":"","ocean_post_title_bg_image_repeat":"","ocean_post_title_bg_image_size":"","ocean_post_title_height":0,"ocean_post_title_bg_overlay":0.5,"ocean_post_title_bg_overlay_color":"","ocean_disable_breadcrumbs":"default","ocean_breadcrumbs_color":"","ocean_breadcrumbs_separator_color":"","ocean_breadcrumbs_links_color":"","ocean_breadcrumbs_links_hover_color":"","ocean_display_footer_widgets":"default","ocean_display_footer_bottom":"default","ocean_custom_footer_template":"","two_page_speed":[],"footnotes":""},"yoast_head":"<!-- This site is optimized with the Yoast SEO plugin v24.5 - https:\/\/yoast.com\/wordpress\/plugins\/seo\/ -->\n<title>Images - Tanzanya<\/title>\n<meta name=\"robots\" content=\"index, follow, max-snippet:-1, max-image-preview:large, max-video-preview:-1\" \/>\n<link rel=\"canonical\" href=\"https:\/\/tanzanya.fr\/accueil\/?page_id=1051\" \/>\n<meta property=\"og:locale\" content=\"fr_FR\" \/>\n<meta property=\"og:type\" content=\"article\" \/>\n<meta property=\"og:title\" content=\"Images - Tanzanya\" \/>\n<meta property=\"og:description\" content=\"Galerie photos Micro-cr\u00e8ches TANZANYA La micro-cr\u00e8che TANZANYA de Forbach a ouvert ses portes le 2 septembre 2024 et accueille d\u00e9sormais des enfants \u00e2g\u00e9s de 10 semaines \u00e0 3 ans r\u00e9volus. La micro-cr\u00e8che TANZANYA de Freyming-Merlebach ouvrira ses portes le 2 f\u00e9vrier 2026 et accueillera \u00e9galement des enfants \u00e2g\u00e9s de 10 semaines \u00e0 3 ans r\u00e9volus. [&hellip;]\" \/>\n<meta property=\"og:url\" content=\"https:\/\/tanzanya.fr\/accueil\/?page_id=1051\" \/>\n<meta property=\"og:site_name\" content=\"Tanzanya\" \/>\n<meta property=\"article:modified_time\" content=\"2025-09-15T16:43:40+00:00\" \/>\n<meta property=\"og:image\" content=\"https:\/\/tanzanya.fr\/wp-content\/uploads\/2024\/10\/photo-4-scaled.jpg\" \/>\n\t<meta property=\"og:image:width\" content=\"2560\" \/>\n\t<meta property=\"og:image:height\" content=\"1920\" \/>\n\t<meta property=\"og:image:type\" content=\"image\/jpeg\" \/>\n<meta name=\"twitter:card\" content=\"summary_large_image\" \/>\n<meta name=\"twitter:label1\" content=\"Dur\u00e9e de lecture estim\u00e9e\" \/>\n\t<meta name=\"twitter:data1\" content=\"2 minutes\" \/>\n<script type=\"application\/ld+json\" class=\"yoast-schema-graph\">{\"@context\":\"https:\/\/schema.org\",\"@graph\":[{\"@type\":\"WebPage\",\"@id\":\"https:\/\/tanzanya.fr\/accueil\/?page_id=1051\",\"url\":\"https:\/\/tanzanya.fr\/accueil\/?page_id=1051\",\"name\":\"Images - Tanzanya\",\"isPartOf\":{\"@id\":\"https:\/\/tanzanya.fr\/accueil\/#website\"},\"primaryImageOfPage\":{\"@id\":\"https:\/\/tanzanya.fr\/accueil\/?page_id=1051#primaryimage\"},\"image\":{\"@id\":\"https:\/\/tanzanya.fr\/accueil\/?page_id=1051#primaryimage\"},\"thumbnailUrl\":\"https:\/\/tanzanya.fr\/wp-content\/uploads\/2024\/10\/photo-4-1024x768.jpg\",\"datePublished\":\"2024-02-08T11:47:10+00:00\",\"dateModified\":\"2025-09-15T16:43:40+00:00\",\"breadcrumb\":{\"@id\":\"https:\/\/tanzanya.fr\/accueil\/?page_id=1051#breadcrumb\"},\"inLanguage\":\"fr-FR\",\"potentialAction\":[{\"@type\":\"ReadAction\",\"target\":[\"https:\/\/tanzanya.fr\/accueil\/?page_id=1051\"]}]},{\"@type\":\"ImageObject\",\"inLanguage\":\"fr-FR\",\"@id\":\"https:\/\/tanzanya.fr\/accueil\/?page_id=1051#primaryimage\",\"url\":\"https:\/\/tanzanya.fr\/wp-content\/uploads\/2024\/10\/photo-4-1024x768.jpg\",\"contentUrl\":\"https:\/\/tanzanya.fr\/wp-content\/uploads\/2024\/10\/photo-4-1024x768.jpg\"},{\"@type\":\"BreadcrumbList\",\"@id\":\"https:\/\/tanzanya.fr\/accueil\/?page_id=1051#breadcrumb\",\"itemListElement\":[{\"@type\":\"ListItem\",\"position\":1,\"name\":\"Accueil\",\"item\":\"https:\/\/tanzanya.fr\/accueil\/\"},{\"@type\":\"ListItem\",\"position\":2,\"name\":\"Images\"}]},{\"@type\":\"WebSite\",\"@id\":\"https:\/\/tanzanya.fr\/accueil\/#website\",\"url\":\"https:\/\/tanzanya.fr\/accueil\/\",\"name\":\"Tanzanya\",\"description\":\"Sp\u00e9cialiste de l&#039;accueil pour enfants \u00e2g\u00e9s de 10 mois \u00e0 3 ans. Capacit\u00e9 d&#039;accueil de 12 enfants.\",\"publisher\":{\"@id\":\"https:\/\/tanzanya.fr\/accueil\/#organization\"},\"potentialAction\":[{\"@type\":\"SearchAction\",\"target\":{\"@type\":\"EntryPoint\",\"urlTemplate\":\"https:\/\/tanzanya.fr\/accueil\/?s={search_term_string}\"},\"query-input\":{\"@type\":\"PropertyValueSpecification\",\"valueRequired\":true,\"valueName\":\"search_term_string\"}}],\"inLanguage\":\"fr-FR\"},{\"@type\":\"Organization\",\"@id\":\"https:\/\/tanzanya.fr\/accueil\/#organization\",\"name\":\"Tanzanya\",\"url\":\"https:\/\/tanzanya.fr\/accueil\/\",\"logo\":{\"@type\":\"ImageObject\",\"inLanguage\":\"fr-FR\",\"@id\":\"https:\/\/tanzanya.fr\/accueil\/#\/schema\/logo\/image\/\",\"url\":\"https:\/\/tanzanya.fr\/wp-content\/uploads\/2024\/03\/cropped-nouveau.png\",\"contentUrl\":\"https:\/\/tanzanya.fr\/wp-content\/uploads\/2024\/03\/cropped-nouveau.png\",\"width\":362,\"height\":410,\"caption\":\"Tanzanya\"},\"image\":{\"@id\":\"https:\/\/tanzanya.fr\/accueil\/#\/schema\/logo\/image\/\"}}]}<\/script>\n<!-- \/ Yoast SEO plugin. -->","yoast_head_json":{"title":"Images - Tanzanya","robots":{"index":"index","follow":"follow","max-snippet":"max-snippet:-1","max-image-preview":"max-image-preview:large","max-video-preview":"max-video-preview:-1"},"canonical":"https:\/\/tanzanya.fr\/accueil\/?page_id=1051","og_locale":"fr_FR","og_type":"article","og_title":"Images - Tanzanya","og_description":"Galerie photos Micro-cr\u00e8ches TANZANYA La micro-cr\u00e8che TANZANYA de Forbach a ouvert ses portes le 2 septembre 2024 et accueille d\u00e9sormais des enfants \u00e2g\u00e9s de 10 semaines \u00e0 3 ans r\u00e9volus. La micro-cr\u00e8che TANZANYA de Freyming-Merlebach ouvrira ses portes le 2 f\u00e9vrier 2026 et accueillera \u00e9galement des enfants \u00e2g\u00e9s de 10 semaines \u00e0 3 ans r\u00e9volus. [&hellip;]","og_url":"https:\/\/tanzanya.fr\/accueil\/?page_id=1051","og_site_name":"Tanzanya","article_modified_time":"2025-09-15T16:43:40+00:00","og_image":[{"width":2560,"height":1920,"url":"https:\/\/tanzanya.fr\/wp-content\/uploads\/2024\/10\/photo-4-scaled.jpg","type":"image\/jpeg"}],"twitter_card":"summary_large_image","twitter_misc":{"Dur\u00e9e de lecture estim\u00e9e":"2 minutes"},"schema":{"@context":"https:\/\/schema.org","@graph":[{"@type":"WebPage","@id":"https:\/\/tanzanya.fr\/accueil\/?page_id=1051","url":"https:\/\/tanzanya.fr\/accueil\/?page_id=1051","name":"Images - Tanzanya","isPartOf":{"@id":"https:\/\/tanzanya.fr\/accueil\/#website"},"primaryImageOfPage":{"@id":"https:\/\/tanzanya.fr\/accueil\/?page_id=1051#primaryimage"},"image":{"@id":"https:\/\/tanzanya.fr\/accueil\/?page_id=1051#primaryimage"},"thumbnailUrl":"https:\/\/tanzanya.fr\/wp-content\/uploads\/2024\/10\/photo-4-1024x768.jpg","datePublished":"2024-02-08T11:47:10+00:00","dateModified":"2025-09-15T16:43:40+00:00","breadcrumb":{"@id":"https:\/\/tanzanya.fr\/accueil\/?page_id=1051#breadcrumb"},"inLanguage":"fr-FR","potentialAction":[{"@type":"ReadAction","target":["https:\/\/tanzanya.fr\/accueil\/?page_id=1051"]}]},{"@type":"ImageObject","inLanguage":"fr-FR","@id":"https:\/\/tanzanya.fr\/accueil\/?page_id=1051#primaryimage","url":"https:\/\/tanzanya.fr\/wp-content\/uploads\/2024\/10\/photo-4-1024x768.jpg","contentUrl":"https:\/\/tanzanya.fr\/wp-content\/uploads\/2024\/10\/photo-4-1024x768.jpg"},{"@type":"BreadcrumbList","@id":"https:\/\/tanzanya.fr\/accueil\/?page_id=1051#breadcrumb","itemListElement":[{"@type":"ListItem","position":1,"name":"Accueil","item":"https:\/\/tanzanya.fr\/accueil\/"},{"@type":"ListItem","position":2,"name":"Images"}]},{"@type":"WebSite","@id":"https:\/\/tanzanya.fr\/accueil\/#website","url":"https:\/\/tanzanya.fr\/accueil\/","name":"Tanzanya","description":"Sp\u00e9cialiste de l&#039;accueil pour enfants \u00e2g\u00e9s de 10 mois \u00e0 3 ans. Capacit\u00e9 d&#039;accueil de 12 enfants.","publisher":{"@id":"https:\/\/tanzanya.fr\/accueil\/#organization"},"potentialAction":[{"@type":"SearchAction","target":{"@type":"EntryPoint","urlTemplate":"https:\/\/tanzanya.fr\/accueil\/?s={search_term_string}"},"query-input":{"@type":"PropertyValueSpecification","valueRequired":true,"valueName":"search_term_string"}}],"inLanguage":"fr-FR"},{"@type":"Organization","@id":"https:\/\/tanzanya.fr\/accueil\/#organization","name":"Tanzanya","url":"https:\/\/tanzanya.fr\/accueil\/","logo":{"@type":"ImageObject","inLanguage":"fr-FR","@id":"https:\/\/tanzanya.fr\/accueil\/#\/schema\/logo\/image\/","url":"https:\/\/tanzanya.fr\/wp-content\/uploads\/2024\/03\/cropped-nouveau.png","contentUrl":"https:\/\/tanzanya.fr\/wp-content\/uploads\/2024\/03\/cropped-nouveau.png","width":362,"height":410,"caption":"Tanzanya"},"image":{"@id":"https:\/\/tanzanya.fr\/accueil\/#\/schema\/logo\/image\/"}}]}},"_links":{"self":[{"href":"https:\/\/tanzanya.fr\/accueil\/index.php?rest_route=\/wp\/v2\/pages\/1051"}],"collection":[{"href":"https:\/\/tanzanya.fr\/accueil\/index.php?rest_route=\/wp\/v2\/pages"}],"about":[{"href":"https:\/\/tanzanya.fr\/accueil\/index.php?rest_route=\/wp\/v2\/types\/page"}],"author":[{"embeddable":true,"href":"https:\/\/tanzanya.fr\/accueil\/index.php?rest_route=\/wp\/v2\/users\/1"}],"replies":[{"embeddable":true,"href":"https:\/\/tanzanya.fr\/accueil\/index.php?rest_route=%2Fwp%2Fv2%2Fcomments&post=1051"}],"version-history":[{"count":88,"href":"https:\/\/tanzanya.fr\/accueil\/index.php?rest_route=\/wp\/v2\/pages\/1051\/revisions"}],"predecessor-version":[{"id":2158,"href":"https:\/\/tanzanya.fr\/accueil\/index.php?rest_route=\/wp\/v2\/pages\/1051\/revisions\/2158"}],"wp:attachment":[{"href":"https:\/\/tanzanya.fr\/accueil\/index.php?rest_route=%2Fwp%2Fv2%2Fmedia&parent=1051"}],"curies":[{"name":"wp","href":"https:\/\/api.w.org\/{rel}","templated":true}]}}